 by k(1).
17
Suppose -2*q + q = -3. Suppose 2*h + 7 = 3*h - q*d, 5*h - 75 = -5*d. What is the remainder when 51 is divided by h?
12
Let x be 10*7/((-35)/(-2)). Suppose 4*d - 4 = -0, -x*d = 5*y - 34. Suppose -3*q - 8 = -5*q. What is the remainder when y is divided by q?
2
Let l = -163 - -222. What is the remainder when l is divided by 16?
11
Let z(s) = 8 + 4 + 0 + 3*s - 5. Calculate the remainder when z(8) is divided by 8.
7
Let l = 86 + -50. Calculate the remainder when 103 is divided by l.
31
Suppose d = 2*z - 30, 0*d = -3*d + 5*z - 93. Calculate the remainder when 78 is divided by ((-11)/(-4) - (8 + -5))*d.
6
Let x(b) = -b**3 + 13*b**2 - 7*b - 14. Suppose -455 = -14*f - 105. Calculate the remainder when x(12) is divided by f.
21
Let q(x) = x**3 - 5*x**2 - 8*x + 9. Let d be q(5). Let m = 32 + d. Let u(l) = l**2 + 1. What is the remainder when u(-1) is divided by m?
0
Calculate the remainder when (-261)/(-58)*2380/45 is divided by 42.
28
Suppose -5*v - 3*z + 2*z = -795, 183 = v + 5*z. Calculate the remainder when v is divided by (1 + 11)/((-21)/(-35)) - -3.
20
Let n = 2 + 6. Suppose 6*p - p = 200. Suppose -r + 2*r - 5*f - p = 0, -r + 2*f + 34 = 0. Calculate the remainder when r is divided by n.
6
Let j(v) = 1 + v - 2*v**3 - 2*v**3 + 3*v**2 + 5*v**3. What is the remainder when j(3) is divided by 15?
13
Let j(y) = 20*y**2 + 4. Let d be (-2)/((-6)/9 - 0). Let q(n) = -21*n**2 - n - 5. Let l(r) = d*j(r) + 2*q(r). What is the remainder when l(2) is divided by 24?
22
Suppose 7 = -2*d + 57. Suppose i - 192 = 4*i. Let y = i + 111. What is the remainder when y is divided by d?
22
Let i(v) = -v**2 + 9*v + 13. Let a(z) = z**2 + 5*z - 18. Let l be a(3). Calculate the remainder when i(l) is divided by 12.
7
Suppose 2*s - 4*z = 118, 0 = -4*z - z - 10. Suppose 0 = 4*n + n - 10. Suppose i = n*r + 5*i - 12, -2*i - 8 = 0. Calculate the remainder when s is divided by r.
13
Suppose -w + 222 = w. Suppose -5*k = -2*k - w. Calculate the remainder when k is divided by ((-8)/(-10))/((279/90)/31).
5
Suppose 3*y - 29 = 8*y - 2*r, -3*y - 15 = -2*r. Let a(h) = -h**3 - 7*h**2 - 6*h + 19. What is the remainder when a(y) is divided by 9?
7
Let c(d) = -d**2 - 2*d + 10. Let p be c(-4). Calculate the remainder when 5/((-29)/5 + p - -4) is divided by 10.
5
Let f(q) be the second derivative of q**5/20 + 7*q**4/12 + 7*q**3/6 + 3*q**2/2 + 3*q. Let p(l) = 7*l. What is the remainder when f(-5) is divided by p(1)?
4
Let w = -25 + 26. Let y(c) = 26*c**2 - 3*c + 3. Suppose v + 45 = 6*v. What is the remainder when y(w) is divided by v?
8
Calculate the remainder when 223 is divided by 2 - -27 - (3 - 0 - 6).
31
Suppose -64*c + 18*c = -920. Suppose -6*b + 3*b = 5*u - 5, 2*b = -u - 6. Suppose -3*o = 3*r - 114, u = -r + 5*r. Calculate the remainder when o is divided by c.
17
Suppose 3*d - 435 = 8*d. Let i = d - -93. Calculate the remainder when i is divided by 2.
0
Let g(i) = -192*i + 4. Let o be g(-5). Suppose -13*x + 518 = -o. What is the remainder when x is divided by 20?
14
Suppose u + 39 = -2*l, 4*l + 87 = -7*u + 2*u. Suppose 48 = -b - 3*b. Let m = b - l. What is the remainder when 11 is divided by m?
5
Let w = 1256 + -1226. What is the remainder when 239 is divided by w?
29
Let k be (-11)/22*(1 - 1). Suppose k = -4*i + 24 + 28. What is the remainder when 2/(-4) - (-588)/24 is divided by i?
11
Let w = 16 - -42. Suppose 8 = -2*z - p, 2*z + 8 = -4*p - 0*p. Let j = w - z. What is the remainder when j is divided by 16?
14
Let a be (-3)/((-4)/(-384)*2). Let p = -36 - a. Calculate the remainder when p is divided by 22.
20
Let v(k) = 11*k**3 - k**2. Let s(o) = o**2 + 14*o + 17. Let r = 32 - 48. Calculate the remainder when s(r) is divided by v(1).
9
Suppose 5*y - 96 - 19 = 0. Suppose 75 = m + y. What is the remainder when m is divided by 11?
8
Suppose 4*t - 5*t - 132 = -13*t. Let q(l) = 7*l - 1. What is the remainder when t is divided by q(1)?
5
Let q(h) be the first derivative of 25*h**2/2 - 5*h + 3. Let t be q(3). What is the remainder when 14*(t/4)/7 is divided by 18?
17
Let q(a) = a**3 - a**2 - a. Let y(x) = -35*x**3 + 6*x**2 + 6*x - 1. Let m(h) = -4*q(h) - y(h). What is the remainder when m(2) is divided by 48?
45
Suppose -9*c - 309 = 132. Let a = 57 + c. Suppose -3*k - 3*o = -81, 0 = 4*o - o + 6. Calculate the remainder when k is divided by a.
5
What is the remainder when (0 - -1)*(75 + -13 + 11) is divided by 26?
21
Suppose -42 = -11*q + 9*q. What is the remainder when (-12)/(-3) - q/(-1) is divided by 13?
12
Let i(w) = -w**3 + 15*w**2 - 14*w + 7. Suppose 6*z - 36 = 2*z. Let d be 19 + -1 + (-36)/z. What is the remainder when 10 is divided by i(d)?
3
Suppose -20*o + 180 = -11*o. Suppose 3*v - 236 = -v. What is the remainder when v is divided by o?
19
Let x = -118 + 251. What is the remainder when x is divided by 51?
31
Let s = 606 - 590. What is the remainder when s is divided by 15?
1
Let v = 35 + -40. What is the remainder when v/(-20)*4 - -81 is divided by 28?
26
Suppose -455 = 7*u - 14*u. What is the remainder when 322 is divided by u?
62
Let p = -29 + 34. Let h = 3 + 21. Suppose -v = p - h. What is the remainder when v is divided by 5?
4
Let l = 67 + -137. Calculate the remainder when 127 is divided by (l/(-5))/(2 - 0) - -3.
7
Let o be 7/(28/16)*-2. Suppose 0 = h - 29 - 0. What is the remainder when h is divided by (-118)/o + (-5)/(-20)?
14
Suppose 288 = -l + 389. Calculate the remainder when l is divided by 17.
16
Let f(b) = -5*b**3 + 3*b**2 + 2*b + 3. Let t be f(-2). Let l = 74 - t. Calculate the remainder when l is divided by 6.
5
Let v = 168 - 98. Suppose -11*w + 13*w - 36 = 0. Calculate the remainder when v is divided by w.
16
Let u(i) = 436*i**3 + i - 1. Suppose -2 = 2*v - 4. Let s be u(v). Suppose 3*y = -y + s. Calculate the remainder when y is divided by 28.
25
Calculate the remainder when 248 is divided by (-270)/(-42) - 7 - 2260/(-35).
56
Let n(z) = -30*z + 50. What is the remainder when n(-4) is divided by 43?
41
Let l(c) = -2*c**2 + 6*c - 10. Let q be l(3). Let x(g) = g**3 + 9*g**2 - 15*g - 18. Let y = -6 - -17. Calculate the remainder when x(q) is divided by y.
10
Let v(r) = 2*r**2 - 10*r + 19. Let i(y) = -y**3 - 4*y**2 - 3*y - 6. Let w be i(-4). What is the remainder when v(w) is divided by 8?
7
Suppose -5*l = 4*w + 7, 3*w - 4*l = w - 36. Let q = w - -8. Calculate the remainder when -39*(q + 1 + -2) is divided by 20.
19
Calculate the remainder when (18/10)/(14/630) is divided by 28.
25
Suppose -1664 = -11*r + 756. What is the remainder when r is divided by 23?
13
Let n = -181 + 104. Let j = n + 90. Calculate the remainder when 20 is divided by j.
7
Let p = -2 - -5. Suppose 0*v - 2*v = 4, -3*v + p = 3*y. Suppose 174 - 6 = y*r. What is the remainder when r is divided by 19?
18
Suppose -3*a - 479 = -3*g + 892, a = 5*g - 2305. What is the remainder when g is divided by 29?
27
Suppose -z + 1 = -1, 0 = w - 2*z - 56. Calculate the remainder when w is divided by (12/15)/((-5)/(-105 + 5)).
12
Suppose -20*l + 313 + 207 = 0. What is the remainder when 141 is divided by l?
11
Suppose 17 = 2*i - 11. Let c = -7 + 43. Suppose -10*j - c = -i*j. Calculate the remainder when j is divided by 5.
4
Suppose 3*d + 1 + 11 = 0, 32 = c - 4*d. Suppose -2*k + 54 = k - 3*z, 3*k = -z + 38. Suppose k*h = 13*h + 9. What is the remainder when c is divided by h?
7
Let f = -7 + 18. Let r = 2 + 12. Let q = r - 8. Calculate the remainder when f is divided by q.
5
Let j(u) = 2*u - 9. Let q = -45 + 58. What is the remainder when 48 is divided by j(q)?
14
Suppose 2*l = -3*l + 25. Suppose -4*b + 233 = l*k - b, -3*b - 181 = -4*k. Let u = 119 - 103. Calculate the remainder when k is divided by u.
14
Let q(z) = -3*z + 7*z - 4*z + 3*z - 1. What is the remainder when q(14) is divided by 22?
19
Let b = 601 - 546. What is the remainder when 121 is divided by b?
11
What is the remainder when 54 is divided by (2/4)/(41/1230)?
9
Let q be (-2)/4 - 4/(-8). Suppose 2*f - 5*h - 7 = q, 2*f + 2*h = -3*f + 61. Suppose f*b = 6*b + 90. What is the remainder when 51 is divided by b?
15
Let p = -580 + 199. Let v = p - -547. What is the remainder when v is divided by 28?
26
Let f be 192/28*49/2. Let a = f - 82. Calculate the remainder when a is divided by 29.
28
Suppose -2*z - 4*z = -72. Suppose -2*n - z = -3*n. Suppose 3*t = -